 g be t(3). Suppose 5*j + g = -8. What are the prime factors of (j/(-4))/((-1)/(-50))?
5
What are the prime factors of (-2635)/(-2)*324/270?
3, 17, 31
Suppose 4*p + 5*b - 452 = 0, 3*p + 3*b - 269 - 73 = 0. List the prime factors of p.
2, 59
Suppose -o - 2*c - 2 = 3*o, -30 = -5*o + 4*c. Suppose 81 = 4*l - 5*z, -2*l + 48 = -o*z - 2*z. List the prime factors of (6/5)/(l/385).
3, 11
Let m = -14 + 10. What are the prime factors of 2 - (-5)/(-2)*m?
2, 3
Let t(u) = u**2 + 9*u + 6. Let s be t(-9). Let f = 6 - s. What are the prime factors of 1 + -1 - f - -18?
2, 3
Let u = -8 - -6. Let d be u + 111 + -1 + -2. Suppose 0*h - 10 = -l - 5*h, -5*l + d = -3*h. What are the prime factors of l?
2, 5
Let n(v) be the second derivative of v**5/20 - v**3/2 + v**2/2 + 5*v. Let f be n(2). Suppose -34 = -i + a - f*a, 5*a + 97 = 4*i. List the prime factors of i.
2, 7
Let l = -96 + 224. Let m = -19 + l. List the prime factors of m.
109
Let f be -12 - -4 - (-1 + 3). Let y(z) = 2*z**2 + 12*z - 22. List the prime factors of y(f).
2, 29
Let p(j) = j**2 + j + 44. What are the prime factors of p(13)?
2, 113
Let u = -12 + 18. Suppose 644 + 64 = u*v. What are the prime factors of v?
2, 59
Let p = -57 + 55. List the prime factors of p/(-10) + -1*(-784)/5.
157
Suppose -4*x + 1110 = -1090. What are the prime factors of x?
2, 5, 11
Suppose -528*y + 526*y + 530 = 0. What are the prime factors of y?
5, 53
Let n be -1 - (-240)/((-10)/(-5)). Let y = n - 76. List the prime factors of y.
43
Suppose 6 = -x - 0*x. Let o be x/2 + (4 - 2). Let z(j) = 55*j**2 - 1. What are the prime factors of z(o)?
2, 3
Let i(v) = 29*v**2 + 2*v + 15. List the prime factors of i(-6).
3, 349
List the prime factors of 11/44 + ((-3777)/(-12) - -1).
2, 79
Suppose 5*o = -20 + 25. What are the prime factors of o/(3*5/255)?
17
Let h be -15*(-3)/6*2. Let c = h - 13. Suppose 204 = 4*l + c*z, 4*l - z + 2*z = 200. List the prime factors of l.
7
Suppose 2*c = -10 - 22. Let w(a) = a**3 + 15*a**2 - 16*a + 23. Let v be w(c). Let k = -4 + v. List the prime factors of k.
19
Let q(i) = i**2 - 33. Suppose 0 = -s - 0*s + 10. What are the prime factors of q(s)?
67
Suppose 5*f + f - 450 = 0. Suppose -5*n + 0*n + f = 0. Let p = -5 + n. List the prime factors of p.
2, 5
Let n be 2/(-4)*3*8/(-12). What are the prime factors of 10*(n + 42/4)?
5, 23
Suppose a + w = -3*w + 1, 0 = a - 5*w - 1. Let t be (a - 0) + (-1)/(-1). Suppose t*v = -3*v + 2*k + 81, 60 = 4*v - 4*k. What are the prime factors of v?
17
Let b(h) = -4*h - 31. Let o = -11 - -2. List the prime factors of b(o).
5
Let k = 1260 + 427. List the prime factors of k.
7, 241
Let q(v) = -v**3 + 11*v**2 - 21*v + 10. Let l be q(9). Let g = 107 - l. What are the prime factors of g?
2, 31
Suppose -8*u = -13152 + 1408. List the prime factors of u.
2, 367
Suppose 0 = 3*d - r - 2212, -2*d + 3*r + 1470 = 7*r. What are the prime factors of d?
11, 67
Let d(k) = 19*k + 14. Let h = 29 - 23. List the prime factors of d(h).
2
Suppose 0 = 2*a - 1404 - 6. What are the prime factors of a?
3, 5, 47
Let b(d) = 2*d. Let h = -11 + 9. Let z be b(h). Let u(g) = g**3 + 6*g**2 + 7*g + 5. What are the prime factors of u(z)?
3
Suppose 13*t - 10*t = 0. Let g(p) = t - 19 - 6*p + p. What are the prime factors of g(-12)?
41
Suppose z = -4*z + 105. List the prime factors of z/((1 - 3) + 3).
3, 7
Let j(s) = -7*s**2 - s + 4. Let y be j(-3). Let m = y - -128. List the prime factors of m.
2, 3
Let d(h) = h**3 - 10*h**2 + 11*h - 12. Let w be d(9). What are the prime factors of (-78)/(-4) - (-3)/w?
2, 5
Suppose 13*h + 10 = 14*h. List the prime factors of h/(-1)*(-4 - 4).
2, 5
Suppose 0 = -2*q - 5*z, -3*z - 16 = 3*q - 5*q. Suppose -c + 201 = q*w, c - 124 = -3*w - 3*c. What are the prime factors of w?
2, 5
Let p(s) = 20*s + 72. What are the prime factors of p(18)?
2, 3
What are the prime factors of (9/27)/((-2)/(-5004) - 0)?
2, 3, 139
Let i(d) = -2*d**2 + d - 4. Let r be i(3). List the prime factors of r*(-6 + -3 + 7).
2, 19
Suppose 0 = -2*b + 2*o - 33 - 11, 78 = -4*b + 2*o. Let d(p) = -p - 7. List the prime factors of d(b).
2, 5
Suppose -22*h = -8*h - 4578. List the prime factors of h.
3, 109
Let k(s) = s**2 - 7*s + 2. Let q be k(6). Let a = q - -14. List the prime factors of (a - 1)/3 + 7.
2, 5
Let h = 16 + -16. Suppose -4*v = -3*q + 263 + 53, -5*q + 4*v + 516 = h. Suppose -4*w = -w - 5*j - q, 143 = 4*w + 3*j. List the prime factors of w.
5, 7
Let m = -81 - -82. List the prime factors of (225/(-10))/(-5)*m*58.
3, 29
Let q be (-2)/(-3) + (-506)/(-69). Suppose 0*x = -q*x + 1776. What are the prime factors of x?
2, 3, 37
Let z be (1/3)/((-2)/6). Let j be (3 - (0 - z)) + 150. List the prime factors of (j/10)/((-4)/(-10)).
2, 19
Let w = -7612 - -10699. List the prime factors of w.
3, 7
Let s = 1 + -17. Let r = -16 - s. Suppose g - c = -1 + 19, r = -5*g - c + 114. List the prime factors of g.
2, 11
Let o be 5/(10/8)*1. Let r(k) = -6*k - 13. Let i be r(o). Let w = i - -55. List the prime factors of w.
2, 3
Let n(b) = 119*b - 264. List the prime factors of n(6).
2, 3, 5
Let t be (-10)/(-1) + 0 + 1. Suppose q + 5*v - 31 = 0, q - 4*v - 124 = -3*q. Let i = q - t. What are the prime factors of i?
2, 5
Let m be 6/9 + (-1150)/(-3). Suppose 4*v = v + m. List the prime factors of v.
2
Suppose 0 = u + 39 - 152. Suppose n + 40 = -c + 4*n, -u = 2*c + 5*n. List the prime factors of (-2)/(-7) - 329/c.
7
Suppose 0 = 11*f - 6413 - 7271. List the prime factors of f.
2, 311
Let s = -241 - -551. List the prime factors of s.
2, 5, 31
Let v = -22 - -11. Let c = -8 - v. Suppose 3*h + 4*q - 95 = -0*h, -77 = -c*h + 5*q. What are the prime factors of h?
29
Suppose 4*s - 8 + 0 = 0. Suppose 1 - 19 = -s*y + 4*m, y - m - 6 = 0. Suppose 43 = y*v - 2*v. What are the prime factors of v?
43
Let l = 236 - -884. List the prime factors of l.
2, 5, 7
List the prime factors of 36564/76 - 12/114.
13, 37
Let j = 159 - -41. Let n = 306 - j. What are the prime factors of n?
2, 53
Suppose 4 = j + 6. Let h = -458 - -454. What are the prime factors of -1 - (h - -28)/j?
11
Suppose -631 = -g - 2*y, -g - y + 628 = -0*y. Suppose -8*d + g = 41. What are the prime factors of d?
73
Let s = -27 + 54. Suppose -4*a + 69 = 4*g - s, -4*g + 4*a + 112 = 0. List the prime factors of g.
2, 13
Let d be (-2)/2 - (3 - 7). Suppose -d*m - 2*m + 140 = 0. What are the prime factors of m?
2, 7
Suppose 5*y = -n + 22, -2*y = 4*n + 3*y - 103. Suppose 4*s - n = -3. List the prime factors of s.
2, 3
Suppose 0 = -4*q + 5*q + 24. Suppose 0 = -a - 5*i - 37 + 14, 3*i = -a - 15. Let f = a - q. List the prime factors of f.
3, 7
Let i = 1 - -2. Suppose -3*w = 2*t + 2*t - 9, t - 2*w = -6. Suppose t = -k + i + 35. What are the prime factors of k?
2, 19
Let x = 3756 - 1253. What are the prime factors of x?
2503
Let n = 363 + 767. List the prime factors of n.
2, 5, 113
Let f = -21 + 0. Let m = f + 26. Suppose -4*q + 4*c + 180 = 0, 5*c = -m*q + 37 + 138. What are the prime factors of q?
2, 5
Suppose -31*h - 10 = -36*h, 2*h = -4*l + 8856. List the prime factors of l.
2213
What are the prime factors of (1545/(-10))/((-6)/60)?
3, 5, 103
Let o(v) = v**2 + 14*v - 268. List the prime factors of o(29).
11, 89
Suppose 4*j + 162 = 2*q, -5*j - 162 = -4*q + 162. What are the prime factors of q?
3
Suppose 3*a + 687 = -4*p, 3*p = -a + 2*a + 216. Let n = a + 489. List the prime factors of n.
2, 3, 11
Suppose 0 = 3*p - 33 - 3. Suppose -p = n + 7*s - 2*s, -2*s - 9 = -n. Suppose 3*m - 33 = n*l + 18, 2*l - 2 = 0. What are the prime factors of m?
2, 3
Suppose -4*x = 2*t + 6, 0 = -5*t + 5*x + 13 + 32. Let d be 5/4*(9 - t). Suppose -5 = -a, -5*a - d = -f + 17. List the prime factors of f.
47
Suppose u - 2*g + 5 = 0, 0*u + u + 5*g = 30. Suppose r = -4*r - 5*j + 355, -u*j = -3*r + 237. Let d = -52 + r. What are the prime factors of d?
2, 11
Let k be 9204/108 - 2/9. Let z = k + 59. Suppose 3*u - z = -27. List the prime factors of u.
3, 13
Let i be (12/9)/(1/(-3)). Suppose f = 3*z + 6*f + 17, 0 = -2*f - 8. Let a = z - i. List the prime factors of a.
5
Suppose -2*r + 14 = -2. What are the prime factors of (-14)/(-56) + 94/r?
2, 3
Let f(d) = 32*d + 2. Let n be f(1). Suppose o = n + 12. List the prime factors of o.
2, 23
Suppose d = 4*d - 39. Let p be d/(-4) + (-9)/12. List the prime factors of (5 + -3)*(-54)/p.
3
Suppose -5*f + 35